are the prime factors of 954595795?
5, 23, 8300833
What are the prime factors of 12325642?
2, 7, 19, 46337
What are the prime factors of 10535493?
3, 61, 57571
What are the prime factors of 1124562588?
2, 3, 443, 211543
What are the prime factors of 6425389?
6425389
What are the prime factors of 3189193641?
3, 373, 105557
What are the prime factors of 39925594?
2, 19962797
List the prime factors of 42500780.
2, 5, 7, 23, 67, 197
What are the prime factors of 823037068?
2, 7, 4621, 6361
List the prime factors of 620368136.
2, 593, 130769
List the prime factors of 159944459.
199, 803741
What are the prime factors of 42788075?
5, 11, 155593
List the prime factors of 33772129.
2287, 14767
List the prime factors of 267670884.
2, 3, 13, 509, 3371
List the prime factors of 305191996.
2, 83, 919253
List the prime factors of 252037653.
3, 7, 379, 31667
List the prime factors of 94844032.
2, 740969
List the prime factors of 1922151528.
2, 3, 11, 31, 79, 991
List the prime factors of 89303571.
3, 7, 491, 2887
What are the prime factors of 222193261?
509, 436529
What are the prime factors of 96824736?
2, 3, 29, 11593
What are the prime factors of 1129460751?
3, 5417, 23167
What are the prime factors of 235431342?
2, 3, 13079519
What are the prime factors of 4992213102?
2, 3, 19, 199, 220057
What are the prime factors of 4496230561?
71, 613, 103307
What are the prime factors of 1107048573?
3, 593, 69143
What are the prime factors of 45457270?
2, 5, 4545727
List the prime factors of 12914215.
5, 59, 43777
What are the prime factors of 628691379?
3, 209563793
List the prime factors of 19656826.
2, 7, 1404059
What are the prime factors of 45226978?
2, 22613489
What are the prime factors of 229320518?
2, 7, 727, 22531
List the prime factors of 89460514.
2, 11, 13, 312799
List the prime factors of 89970451.
89970451
List the prime factors of 254992412.
2, 1931, 33013
List the prime factors of 6908016.
2, 3, 71, 2027
List the prime factors of 50788460.
2, 5, 2539423
What are the prime factors of 5109115152?
2, 3, 853, 124783
What are the prime factors of 978553616?
2, 61159601
What are the prime factors of 25718271?
3, 61, 313, 449
What are the prime factors of 3666445310?
2, 5, 11, 43, 775147
What are the prime factors of 152128629?
3, 599, 28219
What are the prime factors of 1029697151?
7, 8387, 17539
List the prime factors of 148507997.
11, 751, 17977
What are the prime factors of 2188238283?
3, 7, 11, 17, 89, 2087
What are the prime factors of 6485289863?
13, 17, 29345203
List the prime factors of 23050690.
2, 5, 13, 233, 761
What are the prime factors of 140229875?
5, 1121839
What are the prime factors of 82974582?
2, 3, 4609699
What are the prime factors of 13142716?
2, 3285679
What are the prime factors of 304506517?
7, 43500931
What are the prime factors of 59944356?
2, 3, 1665121
What are the prime factors of 568826796?
2, 3, 47402233
List the prime factors of 5138654110.
2, 5, 67, 71, 108023
What are the prime factors of 3977652?
2, 3, 7, 47353
What are the prime factors of 88051048?
2, 83, 132607
What are the prime factors of 18566958?
2, 3, 17, 182029
What are the prime factors of 278055716?
2, 43, 1616603
List the prime factors of 117630535.
5, 11, 2138737
List the prime factors of 5361152.
2, 37, 283
List the prime factors of 171222298.
2, 13, 6585473
What are the prime factors of 5973345342?
2, 3, 37, 8968987
What are the prime factors of 4443646360?
2, 5, 59, 67, 157, 179
What are the prime factors of 29399921?
29399921
What are the prime factors of 1033829443?
1033829443
What are the prime factors of 5749512103?
37, 155392219
What are the prime factors of 2898730753?
227, 12769739
What are the prime factors of 442007632?
2, 11, 2511407
What are the prime factors of 86971453?
389, 223577
What are the prime factors of 498944667?
3, 13, 37, 345769
List the prime factors of 69153980.
2, 5, 7, 29, 17033
List the prime factors of 142735794.
2, 3, 23789299
List the prime factors of 391582453.
391582453
What are the prime factors of 125146348?
2, 31286587
List the prime factors of 4680280142.
2, 2340140071
List the prime factors of 72470418.
2, 3, 12078403
What are the prime factors of 68799331?
5309, 12959
What are the prime factors of 115667834?
2, 29, 61, 32693
List the prime factors of 9282003896.
2, 11, 9588847
List the prime factors of 75994078.
2, 37, 1026947
What are the prime factors of 25960494?
2, 3, 7, 88301
What are the prime factors of 26413734?
2, 3, 251, 17539
List the prime factors of 4617759373.
19, 2063, 117809
List the prime factors of 43416891.
3, 7, 10939
List the prime factors of 817617520.
2, 5, 73, 191, 733
What are the prime factors of 195609086?
2, 97804543
What are the prime factors of 535069?
647, 827
What are the prime factors of 1480439301?
3, 11, 37, 53, 22877
List the prime factors of 72181776.
2, 3, 1503787
List the prime factors of 3063578105.
5, 7, 87530803
What are the prime factors of 2232712604?
2, 558178151
List the prime factors of 114111366.
2, 3, 1429, 13309
List the prime factors of 5609548.
2, 7, 200341
What are the prime factors of 178497413?
5231, 34123
What are the prime factors of 3598789247?
257, 14003071
What are the prime factors of 4215780476?
2, 151, 6979769
What are the prime factors of 50320137?
3, 7, 2396197
List the prime factors of 183264986.
2, 9283, 9871
What are the prime factors of 32002436?
2, 8000609
List the prime factors of 191463321.
3, 7, 83, 109847
List the prime factors of 1268309763.
3, 7, 2621, 7681
What are the prime factors of 25118044?
2, 7, 17, 52769
List the prime factors of 143977233.
3, 17, 127, 22229
What are the prime factors of 194206610?
2, 5, 13, 97, 15401
What are the prime factors of 6383579?
1993, 3203
What are the prime factors of 815164017?
3, 727, 373757
What are the prime factors of 1998677861?
1998677861
What are the prime factors of 542758284?
2, 3, 443, 34033
What are the prime factors of 83884425?
3, 5, 47, 53, 449
What are the prime factors of 178489772?
2, 44622443
What are the prime factors of 65465750?
2, 5, 7, 37409
What are the prime factors of 168836007?
3, 56278669
What are the prime factors of 64609186?
2, 421, 76733
What are the prime factors of 37547237?
7, 13, 17, 1867
What are the prime factors of 320721434?
2, 11, 41, 43, 8269
What are the prime factors of 652707813?
3, 2113, 102967
What are the prime factors of 602600533?
8447, 71339
List the prime factors of 239073589.
283, 433, 1951
List the prime factors of 3400906312.
2, 1427, 297907
What are the prime factors of 134328213?
3, 552791
List the prime factors of 861260152.
2, 127, 847697
What are the prime factors of 78949274?
2, 1523, 25919
List the prime factors of 1619329.
1619329
List the prime factors of 2357790077.
2357790077
What are the prime factors of 179329711?
11, 251, 64951
List the prime factors of 12064388.
2, 7, 61553
What are the prime factors of 1251445400?
2, 5, 6257227
What are the prime factors of 26626548?
2, 3, 13, 23, 41, 181
List the prime factors of 1680292.
2, 420073
What are the prime factors of 270378751?
109, 2480539
What are the prime factors of 472087404?
2, 3, 29, 452191
What are the prime factors of 63426348?
2, 3, 587281
What are the prime factors of 59557505?
5, 7, 1701643
List the prime factors of 27121313.
27121313
List the prime factors of 559550423.
257, 2177239
What are the prime factors of 1688141698?
2, 1231, 685679
List the prime factors of 59896868.
2, 131, 151, 757
What are the prime factors of 520575906?
2, 3, 241, 521, 691
List the prime factors of 609857998.
2, 101, 193, 15643
List the prime factors of 4619412725.
5, 83, 179, 12437
What are the prime factors of 310978617?
3, 103659539
What are the prime factors of 7617556?
2, 19, 113, 887
What are the prime factors of 800477375?
5, 79, 103, 787
List the prime factors of 3569635.
5, 713927
What are the prime factors of 2026900523?
409, 4955747
What are the prime factors of 1126947704?
2, 140868463
What are the prime factors of 33402176?
2, 557, 937
What are the prime factors of 266071634?
2, 1117, 119101
List the prime factors of 959922107.
959922107
What are the prime factors of 154981737?
3, 2011, 8563
List the prime factors of 90853823.
90853823
List the prime factors of 160435198.
2, 7, 